
-59
(-40 - -7) + (11 - (-1 + -2 + 22))
-41
What is -3 - (-5 + 8 - (3 + 9) - 8)?
14
Evaluate 5 + (-2 - (14 + (-6 - 2 - -1))) + -28.
-32
-112 - (54 + -24) - (-10 - (-5 + 17))
-120
What is (0 - -13) + -1 + (-262 - -250) + 12?
12
What is (10 - 4 - 11) + (-275 - -261)?
-19
(-7 - -62) + -12 + -91
-48
Evaluate (10 + 22 + -21 - -28) + 29.
68
What is 42 + 14 + -106 - -31?
-19
What is (-5 - -15) + 3 + 13 + (14 - 26)?
14
What is the value of -7 + (11 - -1) + -183 + 190 + 12 + 2?
26
-87 - (-20 + -13 + 20 - (-8 + 6 + -12))
-88
What is (-142 + 128 - 20) + -1 + 17?
-18
What is the value of 0 - -52 - (13 - 0)?
39
Calculate -28 + -21 + (29 - 9).
-29
Evaluate -18 - (-19 - 28 - 125) - 34.
120
What is the value of (21 + -46 - -50) + -23 - (1 + 48)?
-47
Evaluate -576 + 547 + 1 + -1 - -34.
5
Evaluate (-199 - (-241 + 30)) + (-2 - 47).
-37
Calculate (-2 - -1 - -19) + (-77 - -49) - -48.
38
What is 45 - (0 + -3) - (-3 + 3) - (-40 + 48)?
40
Evaluate (-40 - (-5 + -45)) + -54.
-44
What is the value of 25 + 23 + -34 + 105?
119
What is -29 + 0 + -23 + 26 + (-3 - -23) + -28?
-34
Evaluate -91 + -113 - -191 - (1 + (-1 - 10)).
-3
Calculate (-9 - -4) + 10 + -26 + 14.
-7
What is the value of -95 + (-19 - -18) + 178?
82
Evaluate 145 - 150 - (6 + 31).
-42
What is the value of -34 - 1 - (110 + (58 - 181))?
-22
-30 - (64 - (42 + -16))
-68
Calculate 5 + 1 + -29 + 24 - (46 - (-6 - -2)).
-49
Calculate (47 - -7) + 5 + (12 - 20).
51
31 + 7 + -9 + 9 + (9 - 4)
43
Evaluate (19 - 30 - -4) + (1 - 71) + -24 + 29.
-72
What is the value of (-43 - (8 + (-24 - -10) - -6)) + 16?
-27
11 + ((0 + 7 - -44 - 9) + -8 - 14)
31
Evaluate -97 - (-27 - (3 - 12)) - -41.
-38
-12 + -1 - (9 - (-15 + 123 + -16)) - -7
77
What is 29 + (15 - 23 - (5 - (-3 + -6 + 16)))?
23
Calculate -57 + 82 + -18 - (-11 + -1).
19
What is the value of -10 - 28 - 3 - ((-4 - -4) + -2)?
-39
Evaluate ((6 - (49 + -35)) + 7 + 0 - 8) + -40.
-49
124 + (13 - (5 + 78))
54
-4 + 27 + -54 + -7 + 13
-25
4 - (-3 - (39 - 24))
22
(1 - 3 - (-31 + -3)) + -2342 + 2331
21
Calculate 7 + -15 + 9 + 12 + -13 - -58.
58
What is the value of (70 - -174) + 175 + -308?
111
Evaluate 9 + -13 + 3 + -1 + 12 - 47.
-37
What is the value of 28 + (8 - 5) + -8 + 8 + 3?
34
What is 66 + -38 + -52 - (11 - (3 + 4 + -5))?
-33
(86 - 34) + -22 - 22
8
What is 57 + (46 - 78) + -43?
-18
(116 - 4) + -430 + 393 - (0 - 0 - 12)
87
Calculate (17 - ((-21 - -37) + 18)) + -5.
-22
What is the value of -21 + -1 - (-108 - (200 - 286))?
0
What is -1 - 24 - ((20 + -49 - -4) + 5 + 14)?
-19
Evaluate -9 - (-2 - (6 + 4) - (34 + -28)) - 51.
-42
Calculate -4 - (-4 - 2 - (-1 - 0 - (91 + -82))).
-8
Calculate (-98442 - -98509) + 3 + (-1 - -1).
70
49 + (-9 - (6 - 16)) - (-3 + 6)
47
(-2 - 4) + -2 - (-2970 - -2962)
0
Evaluate 17 + -2 - (-315 - -315).
15
What is 88 - (204 - (141 + -11))?
14
Calculate (-191 + 66 - -171) + (-1 - 2).
43
What is the value of 3 + (37 - 20) - (22 - 52)?
50
Evaluate 58 + (-91 + -23 - 12).
-68
Evaluate -15 - ((-7 - 29) + 39 + (-73 - 3)).
58
Evaluate (70 - 10) + -2 + (67 - 87).
38
What is the value of (27 - (-32 + (84 - -7))) + 17?
-15
(12 - (1 - (15 - 6))) + (-5 - -7) + 3
25
What is the value of -43 - (7 + (-7 - -6)) - (28 + -17)?
-60
Evaluate ((-50 - -6) + 57 - (62 - 0)) + -19.
-68
Evaluate -38 + 2 + 6701 + -6679.
-14
-16 + 3 - ((-16 - -27 - 5) + 55)
-74
57 + (-3 - -11 - 45)
20
(-365 - -293) + (49 - -1)
-22
What is (5 - 12 - -6) + -33 - (7 + -7 + 2)?
-36
Calculate 8 + 2 + -2 + -5 + -40.
-37
3 - 70 - (89 - 113)
-43
-117 + (-319 - -436) + 0 + -1 + 99
98
Evaluate (-9 - (-16 + 15 - 10)) + -1.
1
Calculate -35 - (-31 - 95 - -99).
-8
What is the value of 5 - -76 - (3 + 74)?
4
What is the value of 50 - (49 - (64 - 52))?
13
What is (31 - 3) + 37 + -39 + 18?
44
Calculate -5 + 25 + (-5 - (7 - -1)).
7
Calculate 4 - ((3 - 38) + -2) - (8 + -5).
38
Evaluate (9 - 10 - 1) + (20 - 18) + (-5 - 2).
-7
Evaluate -22 - (-4 - -41 - 31 - -58).
-86
What is (-11 - 0) + (22 - (6 - -38))?
-33
Calculate 21 - (51 - 73 - (-1 - 27)).
15
What is the value of -31 + -20 + 57 - 35?
-29
-2 + 1 + (36 + -69 + 4 - 34)
-64
What is the value of -1 + 84 + 2376 + -2384?
75
Calculate 3 + -1 - 2 - ((-6 - -32) + -28 + -61).
63
What is -48 + -10 + (86 - 42) - (1 + 1 - -28)?
-44
What is the value of -21 - (-49 + -10) - -24 - 7?
55
What is the value of -38 - (11 - (15 + 43))?
9
2 - -26 - (1558 - 1543)
13
Evaluate 40 - (55 - (-31 + 16)).
-30
What is 56 - (4 + 2 + -10)?
60
Calculate -1 + 56 + -266 + 220.
9
What is 85 + (35 - 29) - -12 - (3 + -1 + -12)?
113
What is 17 + (-16 + (-8 - 1) - -8) + 3?
3
Evaluate -43 - (-52 + -26 + 75).
-40
Calculate (-75 - -167) + 39 + -127.
4
What is the value of -49 + 41 - -36 - 0?
28
What is the value of 19 - (75 + (-89 - -45)) - -141?
129
Calculate (54 + -16 - -11) + 5 + (-14 - -4).
44
Evaluate 2 - 53 - -22 - -85.
56
Evaluate 5 - (15 + (-22 - (-29 - 2))).
-19
Evaluate 7 + 11 + -1 - 13.
4
Calculate (26 - -14) + -9 + (11 - 12) + 12.
42
What is (119 - -23 - 9) + -55?
78
What is (-7 - (5 - (10 - 8) - 7)) + -30 - 9?
-42
Calculate 17 - (-9 - -15) - (8 + 0) - -47.
50
Calculate 1 - 1 - (14 - (-19 - -25)).
-8
Calculate (-6 - -2 - 0) + (7 - -8) + (22 - 93).
-60
54 - -18 - 13 - 33
26
What is 25 - ((22 - (-17 + 30)) + 8) - -36?
44
What is the value of (52 - (35 + 7 + 13)) + (82 - 0 - 0)?
79
Calculate -26 + -3 + 346 + -312 + (-2 - 56).
-53
Evaluate -3 + -5 + (2 - (9 + (-24 - -19))).
-10
What is the value of 35 + (-4 + 6 - (-9 - -41))?
5
Evaluate -1 - -14 - (142 + -131) - (-10 - -2).
10
Evaluate -67 - -68 - -27 - (-19 - 2).
49
Calculate (-3 - (-3 + 11) - 3) + (-12 - -29).
3
What is the value of 61 - (72 - (-1 - 15))?
-27
26 + 5 + -38 + 9 + (1 - -2)
5
What is (1 - 2) + -2 - -5 - -3 - -41?
46
What is the value of -56 - (347 + -361 + (0 - -3 - 1))?
-44
-21 + 8 + 0 + 6 - -6
-1
What is 0 + (38 - (23 - 12) - 1 - (0 + 9))?
17
What is the value of -143 + 172 + (-4 - -18) - 29?
14
Evaluate 3 + -2 + 0 + (19 - 29) + 14 + -45.
-40
What is the value of -48 + (-21 - (60 - 41))?
-88
Calculate -48 - ((14 - (5 + -4)) + 26 + -29).
-58
Evaluate -1 + -4 + -6 - ((-2 - 5) + (34 - 47)).
9
What is -201 - -228 - (38 + -11)?
0
Calculate -35 + (49 - (-7 - 10)).
31
What is the value of (0 - -8) + 18 + (-22 - -5) + -5 + 25?
29
What is the value of (-20 - (-30 - -26) - -8) + 0 - (2 + 61)?
-71
Evaluate (14 - (7 - 3) - 4) + 0 - (158 + -187).
35
What is 0 + 2 + 36 + -23 - (1 + 93 - 1)?
-78
What is 40 - (7 - (13 - 17)) - 19?
10
Calculate -68 - (-102 - (-60 - 21)).
-47
What is -30 + -1 + 4585 + -4537?
17
(-41 - -1) + -16 + -15 + 13 + 13
-45
What is -3 - -12 - (17 + (5 - 0 - (504 - 422)))?
69
Calculate 30 - (1 + (0 - (2 + 7 - 5))).
33
What is (-4 - -2) + 11 - (200 - 231 - -83)?
-43
-19 - -1 - (-10 + (-12 - (-31 + 22)))
-5
Evaluate (-2 + 9 - 103 - -7) + -1 + 11.
-79
What is 69 + -131 + 67 + 19?
24
Evaluate -48 - -43 - (6 + (-36 - (-8 + -1 - -4))).
20
What is (-3 - (-1 + 0 + 0)) + (-138 - (130 + -315))?
45
What is the value of -32 - (-15 + -1 - (40 - 19 - 23))?
-18
Calculate (-73 + 30 - 7) + 83.
33
Calculate 3 + 3 + -1 + -11 + (144 - (17 + -20)).
141
What is the value of 94 - (159 - 35) - (76 + -1)?
-105
Calculate -85 - (14 - -1) - ((22 - 8) + -3).
-111
What is -2 - ((4 - -35) + -25 + (-15 - -1))?
-2
Calculate -3 + -4 - -10 - (-35 + -16 - -7).
47
Calculate 61 + -147 + 52 - -1.
-33
What is the value of (0 + 1 - 5) + -1 - (-376 + 364)?
7
-12 + -61 + (96 - 32)
-9
Calculate 2 + 128 - (-183 - -288).
25
-10 + 0 - ((-12 - -5) + (10 - 8)) - -56
51
What is -76 - (-75 + (106 - 81))?
-26
Evaluate 0 - -17 - (-76 + (-42 - -128)).
7
What is the value of (27 - -13) + (3 - 19) + -54?
-30
Calculate (-68 - (-41 + -56 + -95)) + 0 + 1.
125
Calculate -101 + (3 - (2 - -3)) + -13 + -26 + 31.
-111
Calculate -5 - -30 - 19 - (0 - 3 - -69).
-60
Evaluate -1 + 24 - ((-3 - 37) + 48 - 20).
35
What is 8 + 1 + -3 + -59 + (2 - (-2 + -4))?
-45
(-9 - -42 - 44) + 1 + (-4 - -42)
28
39 + -45 + -143 + 105
-44
(49 + -10 - -4) + -22 - 52
-31
Calculate -6 - 2 - (-171 + (116 - -100)).
-53
What is (4 - 45) + 22 - -21 - (111 + 0)?
-109
Calculate -59 + (-27 + 60 - 12).
-38
Evaluate 64 - (47 - (-68 - -98)).
47
Calculate -11 + 3 + (9 - -11) - 24 - 9.
-21
Calculate 26 - 2 - (-5 - (11 - 6) - 4).
38
(15 - -14) + 26 + -88
-33
What is (12 - -1) + -6 + -2 + 32 + -19?
18
What is (-170 - -213) + -3 + 16 